 12, what is -297 - -2?
-295
In base 12, what is 33 + 6?
39
In base 2, what is -100 + 100100110?
100100010
In base 15, what is 3d8 - 0?
3d8
In base 15, what is -3 - 3d?
-41
In base 11, what is 0 - 103?
-103
In base 6, what is -314 + 103?
-211
In base 5, what is 0 + 220?
220
In base 13, what is -1 + 77?
76
In base 6, what is 4 + 12?
20
In base 13, what is 4 - -26b?
272
In base 3, what is 21100 + 21?
21121
In base 4, what is 3 - -103?
112
In base 15, what is 0 + -244?
-244
In base 11, what is -19 - 84?
-a2
In base 8, what is -133 + -2?
-135
In base 8, what is -72 - -171?
77
In base 15, what is -34 - 113?
-147
In base 5, what is 2 + -12303?
-12301
In base 5, what is 11141 + 32?
11223
In base 8, what is -141 + -17?
-160
In base 7, what is 45133 - -3?
45136
In base 16, what is 2f6 + 3?
2f9
In base 15, what is 4 - -12a?
12e
In base 7, what is -4 + 213?
206
In base 8, what is 0 + -15?
-15
In base 10, what is -6365 - 5?
-6370
In base 8, what is -1245 + 2?
-1243
In base 14, what is -1769 + 1?
-1768
In base 2, what is 1000110 - -1100110?
10101100
In base 12, what is -4 - -4b6?
4b2
In base 4, what is 11 - 103031?
-103020
In base 11, what is -9 - -344?
336
In base 9, what is 4 - 27?
-23
In base 12, what is 4 + b3?
b7
In base 9, what is 3 - -188?
202
In base 5, what is 20412 - 2?
20410
In base 7, what is -1242 + 0?
-1242
In base 15, what is 2650 - -5?
2655
In base 12, what is -2a8 - 2?
-2aa
In base 5, what is 10243 + 3?
10301
In base 16, what is -8f + a?
-85
In base 4, what is -10022 + -1222?
-11310
In base 8, what is 4 - 62?
-56
In base 9, what is 364 + 1?
365
In base 11, what is -31 - -5?
-27
In base 8, what is 137176 + 4?
137202
In base 3, what is 12110 - 110?
12000
In base 16, what is -15 + -10?
-25
In base 5, what is 13 - 21?
-3
In base 7, what is -3 + -1?
-4
In base 12, what is 8 - 193?
-187
In base 13, what is 41 + -2?
3c
In base 12, what is 4 - -86?
8a
In base 13, what is 25 + 14?
39
In base 12, what is 0 + -588?
-588
In base 12, what is 1 - 192?
-191
In base 8, what is -21 - 410?
-431
In base 5, what is 10 + -121?
-111
In base 2, what is -1001001 + 111100?
-1101
In base 4, what is 11 + -12322?
-12311
In base 10, what is 15 + -13?
2
In base 15, what is -1452 + -5?
-1457
In base 5, what is 11 - 1124?
-1113
In base 4, what is 132 - -230?
1022
In base 2, what is -10100 + 110?
-1110
In base 6, what is 1054100 + 5?
1054105
In base 5, what is -102 + 120?
13
In base 9, what is -12 - 372?
-384
In base 4, what is -2 + -12?
-20
In base 13, what is 448 - -6?
451
In base 15, what is -5 - 6c?
-72
In base 15, what is 65d + 2?
660
In base 15, what is 1 + 2a?
2b
In base 7, what is -34 - 5?
-42
In base 2, what is -110011 - 101?
-111000
In base 14, what is -55 + -62?
-b7
In base 4, what is 2 - -3032?
3100
In base 14, what is 54 + 1a?
70
In base 8, what is -2 + 2340?
2336
In base 4, what is 1 - -3000?
3001
In base 6, what is -1510 - -104?
-1402
In base 10, what is 7 + 539?
546
In base 8, what is 73 - -233?
326
In base 11, what is -227 + -57?
-283
In base 6, what is -113 + -4?
-121
In base 2, what is -11010 + -110?
-100000
In base 15, what is 2c - 5?
27
In base 2, what is 1111010 + -11?
1110111
In base 3, what is 111 + 2001?
2112
In base 2, what is -1000111 - 1?
-1001000
In base 15, what is 131 + 3?
134
In base 8, what is -10 - 21?
-31
In base 6, what is -12 - -30140?
30124
In base 12, what is 4 - 178?
-174
In base 6, what is 1240 - -42?
1322
In base 12, what is 7 - -189?
194
In base 13, what is 14 - -21?
35
In base 2, what is -101 - 111110100?
-111111001
In base 4, what is 10 + -22132?
-22122
In base 9, what is -1 - 152?
-153
In base 14, what is -563 + 2?
-561
In base 13, what is -1 - -119?
118
In base 16, what is 6 - -6?
c
In base 10, what is -26 + 105?
79
In base 14, what is -71 - 0?
-71
In base 2, what is -110 + -1011001110?
-1011010100
In base 14, what is 1c7 - -1?
1c8
In base 15, what is -1 - 88?
-89
In base 12, what is -9 + -36?
-43
In base 2, what is 100 + -1000101?
-1000001
In base 12, what is -7 - -a?
3
In base 14, what is -159 + 9?
-150
In base 16, what is 6 + 1c?
22
In base 8, what is -6 + -32?
-40
In base 16, what is 9 - -707?
710
In base 16, what is 3 + -c?
-9
In base 4, what is 1310 + -11?
1233
In base 14, what is -12 - -31?
1d
In base 14, what is c7 + 55?
13c
In base 7, what is 4 + 102?
106
In base 4, what is 3 - 1023?
-1020
In base 4, what is 11200 + 1?
11201
In base 11, what is 5 + 652?
657
In base 8, what is -20 + -13?
-33
In base 10, what is -1545 + 1?
-1544
In base 2, what is -11 + -1001111110?
-1010000001
In base 7, what is 113 + -6?
104
In base 13, what is 5 + ab?
b3
In base 14, what is -c - 13?
-21
In base 8, what is -104 - 26?
-132
In base 11, what is -3 - -1233?
1230
In base 10, what is -15 + 5?
-10
In base 3, what is -12 + -22101?
-22120
In base 8, what is 0 - -2504?
2504
In base 2, what is 10 + -10111010?
-10111000
In base 7, what is -154 + -1?
-155
In base 5, what is -3043 - -10?
-3033
In base 13, what is 6c + -4?
68
In base 12, what is -4 - -307?
303
In base 13, what is -31 + -26?
-57
In base 16, what is -5 - 9c?
-a1
In base 9, what is 2 - 135?
-133
In base 14, what is -5 - -6c?
67
In base 15, what is -4 + 1bd?
1b9
In base 13, what is -60c - 4?
-613
In base 13, what is 0 + -4c?
-4c
In base 8, what is 35 + 0?
35
In base 10, what is -17 + -20?
-37
In base 3, what is -211 - -1210?
222
In base 16, what is b5 - ae?
7
In base 6, what is -5 + -122?
-131
In base 15, what is -1 - 28?
-29
In base 5, what is 130 - 3241?
-3111
In base 10, what is -58 - 4?
-62
In base 14, what is -3 - -2c5?
2c2
In base 13, what is -42b - 2?
-430
In base 14, what is 4 - -4b?
51
In base 13, what is -4 - 71?
-75
In base 10, what is -28 + 30?
2
In base 8, what is -10 + 367?
357
In base 5, what is 3204 - 42?
3112
In base 8, what is 10 - 747?
-737
In base 2, what is 11 + 1001011101111?
1001011110010
In base 13, what is -3c + 10?
-2c
In base 15, what is -4 - -12a1?
129c
In base 12, what is -5 - b9?
-102
In base 10, what is -2977 - 5?
-2982
In base 16, what is -5 + -165?
-16a
In base 8, what is -6 - -511?
503
In base 10, what is -1 + 57?
56
In base 13, what is -1 - -32a?
329
In base 8, what is -1141 - -3?
-1136
In base 6, what is -33 + 1135?
1102
In base 3, what is -202 - 12?
-221
In base 14, what is 1 + 2a?
2b
In base 11, what is -3859 + 1?
-3858
In base 8, what is 1 + -353?
-352
In base 9, what is -3317 + 1?
-3316
In base 15, what is 4 + -1b7?
-1b3
In base 9, what is -2 + 70?
67
In base 7, what is 165 - -4?
202
In base 2, what is -1010011 - 11?
-1010110
In base 4, what is -311030 - 10?
-311100
In base 11, what is 1 - 770?
-76a
In base 2, what is 1100100 + 1?
1100101
In base 9, what is -5 - 1431?
-1436
In base 9, what is -18 - -37?
18
In base 16, what is -185 + 3?
-182
In base 3, what is 0 - 1122?
-1122
In base 6, what is 3 - -2012?
2015
In base 14, what is 1195 + 3?
1198
In base 3, what is 12 + 22002?
22021
In base 2, what is 1 - -111111?
1000000
In base 15, what is -3a + -4?
-3e
In base 15, what is 25 - -53?
78
In base 16, what is -4b - d?
-58
In base 16, what is b - -78?
83
In base 10, what is 4 + -2?
2
In base 3, what is 20 - -1?
21
In base 16, what is 6638 + 5?
663d
In base 9, what is -572 + 0?
-572
In base 6, what is -2 - 32?
-34
In base 8, what is 0 - -4007?
4007
In base 16, what is 47 + f?
56
In base 13, what is -b0 + 9?
-a4
In base 10, what is 1 + 11?
12
In base 13, what is 743b - -3?
7441
In base 6, what is -10530 + -1?
-10531
In base 3, what is 2 - 1220102?
-1220100
In base 15, what is a + 1bb?
1c6
In base 14, what is -1469 + 3?
-1466
In base 7, what is 61 - 6?
52
In base 4, what is -1210 + -2?
-1212
In base 16, what is -a - 10?
-1a
In base 9, what is -5 - 214?
-220
In base 8, what is 10 + -4746?
-4736
In base 8, what is -21 - -536?
515
In base 10, what is -2 - 34?
-36
In base 4, what is -20 - 1322?
-2002
In base 15, what is -4a + 6?
-44
In base 5, what is 10 + -220?
-210
In base 9, what is 376 - 23?
353
In base 7, what is 1314 + -5?
1306
In base 4, what is -1 - -20303?
20302
In base 4, what is -231101 - 11?
-231112
In base 7, what is 10061 + 3?
10064
In base 8, what is 7 - -5767?
5776
In base 11, what is -6 - -811?
806
In base 11, what is -56 + 4?
-52
In base 8, what is -5 + 107?
102
In base 11, what is -18 - 4?
-21
In base 3, what is 2010 + -100?
1210
In ba